[INFO] fetching crate stabilizer 0.3.0...
[INFO] checking stabilizer-0.3.0 against try#72f88fc4e9458f89516a0b8b0868f3718aec5b47 for pr-74989
[INFO] extracting crate stabilizer 0.3.0 into /workspace/builds/worker-0/source
[INFO] validating manifest of crates.io crate stabilizer 0.3.0 on toolchain 72f88fc4e9458f89516a0b8b0868f3718aec5b47
[INFO] running `Command { std: "/workspace/cargo-home/bin/cargo" "+72f88fc4e9458f89516a0b8b0868f3718aec5b47" "read-manifest" "--manifest-path" "Cargo.toml", kill_on_drop: false }`
[INFO] removed /workspace/builds/worker-0/source/.cargo/config
[INFO] started tweaking crates.io crate stabilizer 0.3.0
[INFO] finished tweaking crates.io crate stabilizer 0.3.0
[INFO] tweaked toml for crates.io crate stabilizer 0.3.0 written to /workspace/builds/worker-0/source/Cargo.toml
[INFO] crate crates.io crate stabilizer 0.3.0 already has a lockfile, it will not be regenerated
[INFO] running `Command { std: "/workspace/cargo-home/bin/cargo" "+72f88fc4e9458f89516a0b8b0868f3718aec5b47" "fetch" "--locked" "--manifest-path" "Cargo.toml", kill_on_drop: false }`
[INFO] [stderr]  Downloading crates ...
[INFO] [stderr]   Downloaded serde-json-core v0.1.0
[INFO] [stderr]   Downloaded heapless v0.5.2
[INFO] [stderr]   Downloaded stm32h7 v0.9.0
[INFO] running `Command { std: "docker" "create" "-v" "/var/lib/crater-agent-workspace/builds/worker-0/target:/opt/rustwide/target:rw,Z" "-v" "/var/lib/crater-agent-workspace/builds/worker-0/source:/opt/rustwide/workdir:ro,Z" "-v" "/var/lib/crater-agent-workspace/cargo-home:/opt/rustwide/cargo-home:ro,Z" "-v" "/var/lib/crater-agent-workspace/rustup-home:/opt/rustwide/rustup-home:ro,Z" "-e" "SOURCE_DIR=/opt/rustwide/workdir" "-e" "CARGO_TARGET_DIR=/opt/rustwide/target" "-e" "CARGO_HOME=/opt/rustwide/cargo-home" "-e" "RUSTUP_HOME=/opt/rustwide/rustup-home" "-w" "/opt/rustwide/workdir" "-m" "1610612736" "--user" "0:0" "--network" "none" "rustops/crates-build-env@sha256:d92eaeed33fa75130ca1ee6c8a01d1ffb62bac859dfdfb3450e3e5d1c0146529" "/opt/rustwide/cargo-home/bin/cargo" "+72f88fc4e9458f89516a0b8b0868f3718aec5b47" "metadata" "--no-deps" "--format-version=1", kill_on_drop: false }`
[INFO] [stdout] 6da14e550831ec1f225a699a310be348ca4ee636a6bf5d4e8ba137c5a95e9e53
[INFO] [stderr] WARNING: Your kernel does not support swap limit capabilities or the cgroup is not mounted. Memory limited without swap.
[INFO] running `Command { std: "docker" "start" "-a" "6da14e550831ec1f225a699a310be348ca4ee636a6bf5d4e8ba137c5a95e9e53", kill_on_drop: false }`
[INFO] running `Command { std: "docker" "inspect" "6da14e550831ec1f225a699a310be348ca4ee636a6bf5d4e8ba137c5a95e9e53", kill_on_drop: false }`
[INFO] running `Command { std: "docker" "rm" "-f" "6da14e550831ec1f225a699a310be348ca4ee636a6bf5d4e8ba137c5a95e9e53", kill_on_drop: false }`
[INFO] [stdout] 6da14e550831ec1f225a699a310be348ca4ee636a6bf5d4e8ba137c5a95e9e53
[INFO] running `Command { std: "docker" "create" "-v" "/var/lib/crater-agent-workspace/builds/worker-0/target:/opt/rustwide/target:rw,Z" "-v" "/var/lib/crater-agent-workspace/builds/worker-0/source:/opt/rustwide/workdir:ro,Z" "-v" "/var/lib/crater-agent-workspace/cargo-home:/opt/rustwide/cargo-home:ro,Z" "-v" "/var/lib/crater-agent-workspace/rustup-home:/opt/rustwide/rustup-home:ro,Z" "-e" "SOURCE_DIR=/opt/rustwide/workdir" "-e" "CARGO_TARGET_DIR=/opt/rustwide/target" "-e" "CARGO_INCREMENTAL=0" "-e" "RUST_BACKTRACE=full" "-e" "RUSTFLAGS=--cap-lints=forbid" "-e" "CARGO_HOME=/opt/rustwide/cargo-home" "-e" "RUSTUP_HOME=/opt/rustwide/rustup-home" "-w" "/opt/rustwide/workdir" "-m" "1610612736" "--user" "0:0" "--network" "none" "rustops/crates-build-env@sha256:d92eaeed33fa75130ca1ee6c8a01d1ffb62bac859dfdfb3450e3e5d1c0146529" "/opt/rustwide/cargo-home/bin/cargo" "+72f88fc4e9458f89516a0b8b0868f3718aec5b47" "check" "--frozen" "--all" "--all-targets" "--message-format=json", kill_on_drop: false }`
[INFO] [stdout] 38060af348ae8ebcbe80c6facc79fd9b37851235ae6f00b736af22302d6fb544
[INFO] [stderr] WARNING: Your kernel does not support swap limit capabilities or the cgroup is not mounted. Memory limited without swap.
[INFO] running `Command { std: "docker" "start" "-a" "38060af348ae8ebcbe80c6facc79fd9b37851235ae6f00b736af22302d6fb544", kill_on_drop: false }`
[INFO] [stderr]    Compiling typenum v1.11.2
[INFO] [stderr]    Compiling syn v1.0.14
[INFO] [stderr]    Compiling semver-parser v0.7.0
[INFO] [stderr]    Compiling cortex-m v0.6.2
[INFO] [stderr]    Compiling byteorder v1.3.2
[INFO] [stderr]     Checking vcell v0.1.2
[INFO] [stderr]    Compiling cortex-m-rt v0.6.11
[INFO] [stderr]    Compiling heapless v0.5.2
[INFO] [stderr]     Checking r0 v0.2.2
[INFO] [stderr]    Compiling bitflags v1.2.1
[INFO] [stderr]    Compiling serde v1.0.104
[INFO] [stderr]    Compiling stm32h7 v0.9.0
[INFO] [stderr]    Compiling cortex-m-log v0.6.1
[INFO] [stderr]     Checking cfg-if v0.1.10
[INFO] [stderr]     Checking managed v0.7.1
[INFO] [stderr]     Checking panic-halt v0.2.0
[INFO] [stderr]    Compiling indexmap v1.3.1
[INFO] [stderr]     Checking volatile-register v0.2.0
[INFO] [stderr]     Checking log v0.4.8
[INFO] [stderr]    Compiling semver v0.9.0
[INFO] [stderr]    Compiling rustc_version v0.2.3
[INFO] [stderr]    Compiling cortex-m-rtfm v0.5.1
[INFO] [stderr]    Compiling bare-metal v0.2.5
[INFO] [stderr]     Checking hash32 v0.1.1
[INFO] [stderr]     Checking smoltcp v0.6.0
[INFO] [stderr]     Checking generic-array v0.12.3
[INFO] [stderr]     Checking generic-array v0.13.2
[INFO] [stderr]     Checking as-slice v0.1.2
[INFO] [stderr]     Checking aligned v0.3.2
[INFO] [stderr]    Compiling rtfm-syntax v0.4.0
[INFO] [stderr]    Compiling cortex-m-rt-macros v0.1.7
[INFO] [stderr]    Compiling serde_derive v1.0.104
[INFO] [stderr]    Compiling cortex-m-rtfm-macros v0.5.0
[INFO] [stderr]     Checking serde-json-core v0.1.0
[INFO] [stderr]     Checking stabilizer v0.3.0 (/opt/rustwide/workdir)
[INFO] [stdout] error[E0432]: unresolved import `rtfm::cyccnt`
[INFO] [stdout]   --> src/main.rs:35:11
[INFO] [stdout]    |
[INFO] [stdout] 35 | use rtfm::cyccnt::{Instant, U32Ext as _};
[INFO] [stdout]    |           ^^^^^^ could not find `cyccnt` in `rtfm`
[INFO] [stdout] 
[INFO] [stdout] 
[INFO] [stdout] error[E0432]: unresolved import `rtfm::cyccnt`
[INFO] [stdout]   --> src/main.rs:35:11
[INFO] [stdout]    |
[INFO] [stdout] 35 | use rtfm::cyccnt::{Instant, U32Ext as _};
[INFO] [stdout]    |           ^^^^^^ could not find `cyccnt` in `rtfm`
[INFO] [stdout] 
[INFO] [stdout] 
[INFO] [stdout] error[E0433]: failed to resolve: could not find `cyccnt` in `rtfm`
[INFO] [stdout]   --> src/main.rs:97:80
[INFO] [stdout]    |
[INFO] [stdout] 97 | #[rtfm::app(device = stm32h7::stm32h743, peripherals = true, monotonic = rtfm::cyccnt::CYCCNT)]
[INFO] [stdout]    |                                                                                ^^^^^^ could not find `cyccnt` in `rtfm`
[INFO] [stdout] 
[INFO] [stdout] 
[INFO] [stdout] error[E0433]: failed to resolve: could not find `cyccnt` in `rtfm`
[INFO] [stdout]   --> src/main.rs:97:80
[INFO] [stdout]    |
[INFO] [stdout] 97 | #[rtfm::app(device = stm32h7::stm32h743, peripherals = true, monotonic = rtfm::cyccnt::CYCCNT)]
[INFO] [stdout]    |                                                                                ^^^^^^ could not find `cyccnt` in `rtfm`
[INFO] [stdout] 
[INFO] [stdout] 
[INFO] [stdout] error: language item required, but not found: `eh_personality`
[INFO] [stdout] 
[INFO] [stdout] 
[INFO] [stdout] error: duplicate lang item in crate `std` (which `test` depends on): `panic_impl`.
[INFO] [stdout]   |
[INFO] [stdout]   = note: the lang item is first defined in crate `panic_halt` (which `stabilizer` depends on)
[INFO] [stdout]   = note: first definition in `panic_halt` loaded from /opt/rustwide/target/debug/deps/libpanic_halt-432436be05e5fb36.rmeta
[INFO] [stdout]   = note: second definition in `std` loaded from /opt/rustwide/rustup-home/toolchains/72f88fc4e9458f89516a0b8b0868f3718aec5b47/lib/rustlib/x86_64-unknown-linux-gnu/lib/libstd-faa3fd6c69b73b7d.rlib
[INFO] [stdout] 
[INFO] [stdout] 
[INFO] [stdout] error[E0599]: no method named `cycles` found for type `{integer}` in the current scope
[INFO] [stdout]    --> src/main.rs:170:28
[INFO] [stdout]     |
[INFO] [stdout] 170 |         next_ms += 400_000.cycles();
[INFO] [stdout]     |                            ^^^^^^ method not found in `{integer}`
[INFO] [stdout] 
[INFO] [stdout] 
[INFO] [stdout] error[E0599]: no method named `cycles` found for type `{integer}` in the current scope
[INFO] [stdout]    --> src/main.rs:178:36
[INFO] [stdout]     |
[INFO] [stdout] 178 |                 next_ms += 400_000.cycles();
[INFO] [stdout]     |                                    ^^^^^^ method not found in `{integer}`
[INFO] [stdout] 
[INFO] [stdout] 
[INFO] [stdout] error[E0599]: no method named `cycles` found for type `{integer}` in the current scope
[INFO] [stdout]    --> src/main.rs:170:28
[INFO] [stdout]     |
[INFO] [stdout] 170 |         next_ms += 400_000.cycles();
[INFO] [stdout]     |                            ^^^^^^ method not found in `{integer}`
[INFO] [stdout] 
[INFO] [stdout] 
[INFO] [stdout] error[E0599]: no method named `cycles` found for type `{integer}` in the current scope
[INFO] [stdout]    --> src/main.rs:178:36
[INFO] [stdout]     |
[INFO] [stdout] 178 |                 next_ms += 400_000.cycles();
[INFO] [stdout]     |                                    ^^^^^^ method not found in `{integer}`
[INFO] [stdout] 
[INFO] [stdout] 
[INFO] [stdout] error[E0599]: no method named `cycles` found for type `u32` in the current scope
[INFO] [stdout]    --> src/main.rs:242:46
[INFO] [stdout]     |
[INFO] [stdout] 242 |         c.schedule.tick(c.scheduled + PERIOD.cycles()).unwrap();
[INFO] [stdout]     |                                              ^^^^^^ method not found in `u32`
[INFO] [stdout] 
[INFO] [stdout] 
[INFO] [stdout] error[E0599]: no method named `cycles` found for type `u32` in the current scope
[INFO] [stdout]    --> src/main.rs:242:46
[INFO] [stdout]     |
[INFO] [stdout] 242 |         c.schedule.tick(c.scheduled + PERIOD.cycles()).unwrap();
[INFO] [stdout]     |                                              ^^^^^^ method not found in `u32`
[INFO] [stdout] 
[INFO] [stdout] 
[INFO] [stdout] error[E0282]: type annotations needed
[INFO] [stdout]   --> src/main.rs:97:1
[INFO] [stdout]    |
[INFO] [stdout] 97 | #[rtfm::app(device = stm32h7::stm32h743, peripherals = true, monotonic = rtfm::cyccnt::CYCCNT)]
[INFO] [stdout]    | ^^^^^^^^^^^^^^^^^^^^^^^^^^^^^^^^^^^^^^^^^^^^^^^^^^^^^^^^^^^^^^^^^^^^^^^^^^^^^^^^^^^^^^^^^^^^^^^
[INFO] [stdout]    |
[INFO] [stdout]    = note: type must be known at this point
[INFO] [stdout]    = note: this error originates in an attribute macro (in Nightly builds, run with -Z macro-backtrace for more info)
[INFO] [stdout] 
[INFO] [stdout] 
[INFO] [stdout] error[E0282]: type annotations needed
[INFO] [stdout]   --> src/main.rs:97:1
[INFO] [stdout]    |
[INFO] [stdout] 97 | #[rtfm::app(device = stm32h7::stm32h743, peripherals = true, monotonic = rtfm::cyccnt::CYCCNT)]
[INFO] [stdout]    | ^^^^^^^^^^^^^^^^^^^^^^^^^^^^^^^^^^^^^^^^^^^^^^^^^^^^^^^^^^^^^^^^^^^^^^^^^^^^^^^^^^^^^^^^^^^^^^^
[INFO] [stdout]    |
[INFO] [stdout]    = note: type must be known at this point
[INFO] [stdout]    = note: this error originates in an attribute macro (in Nightly builds, run with -Z macro-backtrace for more info)
[INFO] [stdout] 
[INFO] [stdout] 
[INFO] [stdout] error: aborting due to 7 previous errors
[INFO] [stdout] 
[INFO] [stdout] 
[INFO] [stdout] Some errors have detailed explanations: E0282, E0432, E0433, E0599.
[INFO] [stdout] 
[INFO] [stdout] For more information about an error, try `rustc --explain E0282`.
[INFO] [stdout] 
[INFO] [stderr] error: could not compile `stabilizer`.
[INFO] [stderr] 
[INFO] [stderr] To learn more, run the command again with --verbose.
[INFO] [stderr] warning: build failed, waiting for other jobs to finish...
[INFO] [stdout] error: aborting due to 7 previous errors
[INFO] [stdout] 
[INFO] [stdout] 
[INFO] [stdout] Some errors have detailed explanations: E0282, E0432, E0433, E0599.
[INFO] [stdout] 
[INFO] [stdout] For more information about an error, try `rustc --explain E0282`.
[INFO] [stdout] 
[INFO] [stderr] error: build failed
[INFO] running `Command { std: "docker" "inspect" "38060af348ae8ebcbe80c6facc79fd9b37851235ae6f00b736af22302d6fb544", kill_on_drop: false }`
[INFO] running `Command { std: "docker" "rm" "-f" "38060af348ae8ebcbe80c6facc79fd9b37851235ae6f00b736af22302d6fb544", kill_on_drop: false }`
[INFO] [stdout] 38060af348ae8ebcbe80c6facc79fd9b37851235ae6f00b736af22302d6fb544
